). What is the units digit of k(q)?
0
Let q = 108 + -49. Suppose -3 = 2*h + 3, -5*p + 3*h = -q. What is the units digit of p?
0
Suppose -4*f + 6 = -f. Suppose 3*b - f*a + 4*a = 44, 3*a = 12. What is the units digit of b?
2
Let m = -30 + 49. Let w = -9 + m. What is the tens digit of w?
1
Let t(b) = 1 - 3*b + b - 2. Let w = 2 + -3. What is the units digit of t(w)?
1
What is the tens digit of 152/11 - 26/(-143)?
1
Suppose -4*i + 0*i = 3*g + 9, 15 = -5*i. Let c be 15*(2/1 + g). Suppose 5*l - 69 = -2*r, 0 = -2*l + 4*r + r + c. What is the tens digit of l?
1
Let i(r) be the first derivative of -r**4/4 - r**3/3 - r**2/2 + r - 2. Let c be i(-2). Suppose -3*x + 11 = -c. What is the units digit of x?
6
Let g(l) = l**2 + 3*l - 6. Let t be g(-5). Suppose k = t*k - 51. What is the units digit of k?
7
Let j(r) = -r - 1. Let x = 5 + -6. Let t be j(x). Suppose 0 = -5*s + 4*m + 50, t*s - m = s - 10. What is the tens digit of s?
1
Let z = 4 + -2. What is the units digit of z - 0 - (-5 - -3)?
4
What is the units digit of 9*-5*4/(-8)*2?
5
Let l = -31 + 54. What is the units digit of l?
3
Suppose 3*k = 4*k - 4. Suppose -2*r - k*b - 18 = 0, b = r - b - 11. What is the units digit of r?
1
What is the units digit of 1 - (-3 - -4) - -45?
5
Suppose 222 = 2*s - 5*n, 2*s - 198 = -0*s - n. What is the hundreds digit of s?
1
Let v = -2 + 2. Let p = v + 2. Suppose n + p*n - 15 = 0. What is the units digit of n?
5
Suppose 4*f - 3*l - 1167 = 0, l = -f - f + 591. What is the tens digit of f?
9
Let p be 2 - 15*(-2)/(-3). Let o = p - -6. What is the units digit of o/5 + (-32)/(-5)?
6
Suppose -9*g + 6*g = -153. What is the units digit of g?
1
Suppose -21*f + 5*f = -1792. What is the tens digit of f?
1
Let u = -64 + 117. What is the tens digit of u?
5
Let x(m) = -7*m**2 - 9*m - 13. Let y(k) = 3*k**2 + 5*k + 7. Let d(n) = n + 1. Let v be d(1). Let q(o) = v*x(o) + 5*y(o). What is the units digit of q(-6)?
3
Suppose -t + 27 = j, 0 = 4*j - 2*t - 3*t - 90. What is the tens digit of j?
2
Suppose -k - 84 = -3*k. What is the tens digit of k?
4
Let l be (-4)/6 + (-24)/(-9). Suppose 4 = -5*w - 3*j, -5*w + j - 2*j = -l. Let c = w + 5. What is the units digit of c?
6
Suppose -7*v + 763 = -0*v. What is the units digit of v?
9
Suppose -4*a = -3*a + 8. Let f(w) be the third derivative of -w**4/12 - 2*w**3 + w**2. What is the units digit of f(a)?
4
Let y(b) = -2*b**2 - 3*b**2 + 8*b + 4*b**2 + 10 + 0*b**2. What is the units digit of y(9)?
1
Let i(u) be the first derivative of 2*u**2 + u + 3. Let j be i(2). Suppose -3*n + j = -2*n. What is the units digit of n?
9
Let c(f) = 9*f - 15. What is the units digit of c(7)?
8
Suppose -4*i + 5*g - 10 = -0*i, -3*i + 2 = g. Suppose 4*l + l - 15 = i. Suppose -l*n - n = -12. What is the units digit of n?
3
Suppose -2*m - 2 = -40. Let k = m + 37. What is the tens digit of k?
5
Let p(c) = -c**3 + 5*c**2 - c - 4. Let n be p(4). Suppose -2*j + 3*m - n = 0, -5*m + 10 = -10. Let d = j - 1. What is the units digit of d?
1
Suppose -3*f + 24 = -f. Suppose -2*s - f = -o - 3*o, 5*s = 3*o - 51. What is the units digit of (-8)/(-3)*s/(-8)?
4
Let g(m) = -m**2 - 7*m - 4. Let t be g(-6). Suppose -t*w = 2*z - 6*w - 58, 5*w = 3*z - 84. What is the units digit of z?
3
Let w(g) = -g**3 - 6*g**2 + 2*g - 1. Let t be w(-6). Let m = t + 39. What is the units digit of m?
6
Suppose 5 = -5*m - 5. Let l be -1 - (1 + 15/(-3)). Let v = l - m. What is the units digit of v?
5
Let k(j) be the third derivative of j**5/60 + 5*j**4/12 - 4*j**3/3 - 3*j**2. What is the units digit of k(-11)?
3
Let q = 8 - 5. Suppose -69 + 18 = -q*g. What is the units digit of g?
7
Let k(b) = -8*b - 2. Let a be k(-2). Suppose q = 4*m - 16, 0 = -5*m + 5*q - a + 49. What is the units digit of m?
3
Suppose -2*p - 10 = -4*p. Suppose -p*t + 4 = -2*g, t = 2*t + 2*g + 4. Let c = 3 - t. What is the units digit of c?
3
Let h be (-2)/((-2)/(-8)*-2). Let c(s) = s - 6. Let k be c(7). What is the units digit of h*k/2 - 0?
2
Suppose 0 = -6*w + 5*w + 18. What is the units digit of w?
8
Suppose -3*s = -17 - 10. Let m(k) = -k**3 + 9*k**2 + k + 4. What is the tens digit of m(s)?
1
Let p(z) = 0*z**2 + 11*z - 5*z**3 - 2 - 4*z**2 - 10*z. Let v(m) = -9*m**3 - 8*m**2 + m - 5. Let f(a) = -7*p(a) + 4*v(a). What is the units digit of f(-4)?
6
What is the tens digit of 4344/180 - (-4)/(-30)?
2
Suppose -2*x + 3*x + 2*n = 39, 0 = 4*x + 4*n - 144. What is the units digit of (-22)/x - 47/(-3)?
5
Let d(a) = -a + 1. Let r be d(-8). Suppose -4*v = -r*v + 5. What is the units digit of v?
1
Suppose 5*i = 2*k + 7, -3*i + 4*k + 10 = 3. Let a(u) = 42*u**2 - 1. What is the tens digit of a(i)?
4
Let y(s) = 7*s + 6. Let i be y(-7). Let z = -28 - i. Suppose 2*d - 26 = -g, -d + 4*g + 16 = -z. What is the tens digit of d?
1
Let h = -8 + 101. What is the units digit of h?
3
What is the tens digit of (506/55)/(2/10)?
4
What is the tens digit of 16/(-6)*42/(-4)?
2
Suppose -b + 15 = 5*l, 4*b - b = -2*l + 6. Suppose 4*y + 12 = 4*a - 0*y, -4*a + 5 = l*y. What is the units digit of a/(10/(-4) + 3)?
4
Let w(n) = -n**3 - n - 1. What is the units digit of w(-1)?
1
Suppose -5*b + f = -28 - 252, -2*b + 5*f = -112. What is the tens digit of b?
5
Let c = -9 + 13. Suppose c*y - 40 - 8 = 3*k, -3*y = -5*k - 47. Let w = y - 6. What is the units digit of w?
3
Suppose 15 = -3*z, 3*y + 2*z = -z. Suppose -2*q + 45 = -5*v, y*q = q - 3*v + 25. Suppose 0*s + 2*s = q. What is the units digit of s?
5
Suppose 5*x - 4 = 3*k - 14, x + 2 = 4*k. Let q = 1 + k. What is the units digit of q?
1
Let c(p) = 2*p - 9. Let h be c(7). Suppose 60 = h*x - 0*x. What is the units digit of (12/5)/(x/40)?
8
Let z(l) = -3 + 2 + 2*l + 15. What is the units digit of z(-6)?
2
Suppose 35 = 4*z + 3. What is the units digit of z?
8
Let f(a) = -3*a**3 + a**2 + 3*a - 5. Let q(v) = 16*v**3 - 5*v**2 - 15*v + 26. Let t = 5 + -7. Let y(u) = t*q(u) - 11*f(u). What is the tens digit of y(3)?
1
Let g be (-3)/((-2)/((-8)/3)). What is the units digit of ((-4 - -2) + g)/(-2)?
3
Let q(o) be the second derivative of -o**4/12 - 3*o**3 + 2*o**2 - 4*o. Let a(m) be the first derivative of q(m). What is the units digit of a(-12)?
6
Suppose 3*l = -p + 5, 19 - 6 = -5*p + 4*l. Let h be -1 - (1 + p)/3. What is the units digit of (2 - (-2 - -10))/h?
6
Suppose 0*l - 3*l + 10 = -h, -15 = -5*h + 2*l. What is the units digit of h?
5
Let u = 9 - 5. Suppose 3*n = 4*a + 37, u*n + a - 3*a = 56. What is the units digit of n?
5
Let d(j) = j. Let s be d(1). Let i(r) = 3*r**2 + 4*r - 4. Let g(n) = -3*n**2 - 5*n + 5. Let z(x) = 4*g(x) + 5*i(x). What is the units digit of z(s)?
3
Let y = -1 - 3. Let a = 0 - y. What is the units digit of a?
4
Let l be (-14)/3 - (-2)/(-6). What is the units digit of 2*l/((-20)/12)?
6
What is the tens digit of (-12)/18*(-93 + 3)?
6
Suppose 5*n - 3*b - 33 = 3*n, -40 = -3*n - 5*b. What is the tens digit of (-50)/(-3) + 5/n?
1
Let c(h) = -4 - h**3 + h + 4*h**2 + 2*h + 3*h. Let v = 6 + -1. What is the units digit of c(v)?
1
Let i be -1*2*(-5)/2. Suppose -g - 9 = -z + 27, 4*z + i*g = 117. What is the units digit of z?
3
Let c(b) = 7*b**2 + 3*b + 3. What is the hundreds digit of c(-5)?
1
Suppose 117 = 2*i + 35. What is the units digit of i?
1
Let i = -2 - -5. Suppose 0 = -5*y + i*y + 40. What is the tens digit of y?
2
Suppose 21 = 6*x - 111. What is the tens digit of x?
2
Let l = 0 + 1. Let d = 3 - l. What is the units digit of d?
2
What is the units digit of (4/(16/5))/((-1)/(-52))?
5
Suppose -9*w + 116 = -8*w. What is the units digit of w?
6
Let f = 8 + -4. Suppose 5*w + p - 60 = -f*p, -3*p + 70 = 5*w. What is the units digit of w?
7
Let d be (-1)/((4 + -1)/9). Let u be ((-2)/5)/(d/(-15)). Let w = 2 - u. What is the units digit of w?
4
Let m be (-34)/(-6) + (-4)/(-12). Let i = -1 + m. Suppose -i - 20 = -5*p. What is the units digit of p?
5
Let v(p) = -4*p**3 - 6*p**2 + 12. Let l(t) = -t**3 + t**2 - t. Let q(s) = 3*l(s) - v(s). What is the tens digit of q(-9)?
1
Suppose -612 = -7*w - 157. What is the tens digit of w?
6
Let p be (-1)/((-3)/30*2). Suppose l + 7 = -b - l, 5*b + p*l = -15. Suppose -b = 3*g - 25. What is the units digit of g?
8
Let y(i) = 4*i**3 + i**2 - 2*i + 1. Let t be y(1). Suppose 5 = -g - t*j - 3, 4*g + 4*j = 4. What is the units digit of g?
4
Suppose -c + 2*y + 69 = 0, 5*y = -2*c + c + 62. What is the